{"id":427,"date":"2020-05-07T16:21:35","date_gmt":"2020-05-07T19:21:35","guid":{"rendered":"https:\/\/www.granlogiaregularargentina.org\/glra\/?page_id=427"},"modified":"2022-05-30T11:17:08","modified_gmt":"2022-05-30T14:17:08","slug":"estructura-de-la-masoneria","status":"publish","type":"page","link":"https:\/\/www.granlogiaregularargentina.org\/glra\/estructura-de-la-masoneria\/","title":{"rendered":"Estructura de la Masoner\u00eda"},"content":{"rendered":"\n<h1 class=\"wp-block-heading\"><\/h1>\n\n\n\n<figure class=\"wp-block-image size-large\"><img loading=\"lazy\" decoding=\"async\" width=\"1024\" height=\"766\" src=\"https:\/\/www.granlogiaregularargentina.org\/glra\/wp-content\/uploads\/2022\/05\/IMG_20220305_105801039-1024x766.jpg\" alt=\"\" class=\"wp-image-1296\" srcset=\"https:\/\/www.granlogiaregularargentina.org\/glra\/wp-content\/uploads\/2022\/05\/IMG_20220305_105801039-1024x766.jpg 1024w, https:\/\/www.granlogiaregularargentina.org\/glra\/wp-content\/uploads\/2022\/05\/IMG_20220305_105801039-300x224.jpg 300w, https:\/\/www.granlogiaregularargentina.org\/glra\/wp-content\/uploads\/2022\/05\/IMG_20220305_105801039-768x575.jpg 768w, https:\/\/www.granlogiaregularargentina.org\/glra\/wp-content\/uploads\/2022\/05\/IMG_20220305_105801039-1536x1149.jpg 1536w, https:\/\/www.granlogiaregularargentina.org\/glra\/wp-content\/uploads\/2022\/05\/IMG_20220305_105801039-2048x1532.jpg 2048w\" sizes=\"auto, (max-width: 1024px) 100vw, 1024px\" \/><\/figure>\n\n\n\n<p>Cuando la Primer Gran Logia de Londres se&nbsp;estableci\u00f3 en 1717,<strong>&nbsp;solo&nbsp;habian dos grados<\/strong>&nbsp;en la&nbsp;Francmasoner\u00eda. Posteriormente, en 1730 fue agregado un tercer grado&nbsp;a la estructura&nbsp;b\u00e1sica, y la Francmasoner\u00eda se organiz\u00f3&nbsp;en tres grados&nbsp;simb\u00f3licos:&nbsp;<strong>Aprendiz<\/strong>&nbsp;(<em>Entered Apprentice<\/em>),&nbsp;<strong>Compa\u00f1ero<\/strong>&nbsp;(<em>Fellowcraft<\/em>) y&nbsp;<strong>Maestro Mas\u00f3n<\/strong>&nbsp;(<em>Master Mason<\/em>).<\/p>\n\n\n\n<p>Eventualmente se han creado&nbsp;diferentes organizaciones vinculadas a la&nbsp;Francmasoner\u00eda,&nbsp;que tienen como objetivo&nbsp;<strong>fortalecer los principios y ense\u00f1anzas de los tres primeros grados<\/strong>&nbsp;de la&nbsp;Francmasoner\u00eda&nbsp;Simb\u00f3lica.&nbsp;<strong>No existe un grado mas alto que el de Maestro Mas\u00f3n&nbsp;<\/strong>y los diversos grados que ofrecen las &nbsp;organizaciones vinculadas a la&nbsp;Francmasoner\u00eda, son solo&nbsp;<strong>complementos<\/strong>&nbsp;que permiten&nbsp;<strong>expandir los conocimientos del grado de Maestro Mas\u00f3n<\/strong>.&nbsp;<\/p>\n\n\n\n<p>El termino de&nbsp;<strong>\u201cla Gran Familia de la Francmasoner\u00eda\u201d<\/strong>, se usa con frecuencia para describir el gran numero de organizaciones que se han conformado en torno a la Francmasoner\u00eda. &nbsp;Una vez que un miembro de una logia azul,&nbsp;<strong>se ha convertido en Maestro Mas\u00f3n<\/strong>, entonces es elegible para unirse a una de las muchas organizaciones vinculadas a la Francmasoner\u00eda.&nbsp;<\/p>\n\n\n\n<p>Es muy importante resaltar que los grados mas\u00f3nicos son&nbsp;<strong>\u201cpasos inici\u00e1ticos\u201d,<\/strong>&nbsp;que transmiten de forma dram\u00e1tica (a&nbsp;trav\u00e9s de leyendas y&nbsp;alegor\u00edas) ense\u00f1anzas \u00e9ticas, morales y espirituales.&nbsp;En cada grado &nbsp;de la Francmasoner\u00eda, el candidato realiza una profunda reflexi\u00f3n que le permite&nbsp;<strong>adentrarse en el autoconocimiento a&nbsp;trav\u00e9s de la contemplaci\u00f3n de principios universales<\/strong>.&nbsp;<\/p>\n\n\n\n<p><strong>Existen diferentes ritos mas\u00f3nicos, cada uno con su propia esencia y con su propio sistema de grados, simbolog\u00eda e instrumentos aleg\u00f3ricos.<\/strong>&nbsp;Es muy importante entender que los diferentes Ritos mas\u00f3nicos que existen,&nbsp;<strong>NO SON ANTAG\u00d3NICOS ENTRE SI,<\/strong>&nbsp;pues todos tienen la misma finalidad:&nbsp;<strong>complementar y fortalecer las ense\u00f1anzas del Maestro Mas\u00f3n y de la masoner\u00eda simb\u00f3lica<\/strong>.<\/p>\n\n\n\n<figure class=\"wp-block-image\"><img decoding=\"async\" src=\"https:\/\/sociedadprometheus.files.wordpress.com\/2016\/10\/estructura.jpg?w=700\" alt=\"estructura\" class=\"wp-image-198\"\/><\/figure>\n\n\n\n<p>Es de vital importancia para todo Mas\u00f3n bien instruido, comprender que la&nbsp;<strong>organizaci\u00f3n administrativa de los Ritos, es independiente a la de cualquier Gran Logia<\/strong>. Sin embargo, aunque la estructura administrativa de los diferentes Ritos es aut\u00f3noma,&nbsp;<strong>todas las organizaciones mas\u00f3nicas complementarias (Ritos) est\u00e1n subordinadas a la autoridad y soberan\u00eda de la Gran Logia regular y reconocida en un \u00e1rea geogr\u00e1fica especifica<\/strong>. De tal manera, que deben siempre trabajar de forma colaborativa con la Gran Logia, ofreciendo un sistema de grados complementarios para expandir los conocimientos de los Maestros Masones.<\/p>\n\n\n\n<p>Este punto es vital para entender como funciona la masoner\u00eda en el mundo<strong>. La Gran Logia es la organizaci\u00f3n que administra, organiza y regula, el trabajo de las logias simb\u00f3licas en un \u00e1rea geogr\u00e1fica especifica<\/strong>, en las cuales solo se pueden trabajar los tres grados fundamentales de la masoner\u00eda, tal y como se establecieron en 1813, con el surgimiento de la&nbsp;<strong>Gran Logia Unida de Inglaterra<\/strong>:<\/p>\n\n\n\n<p><strong><em>\u201cSe declara y se pronuncia, que la pura y antigua masoner\u00eda consiste de tres grados y no m\u00e1s. A saber, el grado de Aprendiz, el grado de Compa\u00f1ero y el grado de Maestro Mas\u00f3n (incluyendo la Suprema Orden del Santo Real Arco)\u201d&nbsp;<\/em><\/strong><\/p>\n\n\n\n<p><strong>La organizaci\u00f3n de la masoner\u00eda en tres grados fundamentales, es uno de los principales Landmarks mas\u00f3nicos<\/strong>, y estos solo pueden ser practicados en las logias simb\u00f3licas, bajo la obediencia de una Gran Logia, soberana y aut\u00f3noma.&nbsp;<strong>No puede haber otra organizaci\u00f3n, que pretenda estar por encima de la soberan\u00eda de la Gran Logia, sin incurrir en una situaci\u00f3n de irregularidad mas\u00f3nica.<\/strong><\/p>\n\n\n\n<figure class=\"wp-block-image\"><img decoding=\"async\" src=\"https:\/\/sociedadprometheus.files.wordpress.com\/2019\/01\/REAA.jpg?w=700\" alt=\"REAA\" class=\"wp-image-622\"\/><\/figure>\n\n\n\n<figure class=\"wp-block-image\"><img decoding=\"async\" src=\"https:\/\/sociedadprometheus.files.wordpress.com\/2019\/01\/York.jpg?w=700\" alt=\"York\" class=\"wp-image-623\"\/><\/figure>\n\n\n\n<p>A continuaci\u00f3n, se ilustra la organizaci\u00f3n administrativa de los dos ritos mas extendidos de la masoner\u00eda a nivel mundial.<\/p>\n\n\n\n<p><strong>Cada Rito es un sistema de grados cuya progresividad debe ser coherente con su sistema de valores, principios y tradiciones<\/strong>. De esta manera,&nbsp;<strong>cada sistema mas\u00f3nico puede tener una versi\u00f3n particular de los tres primeros grados fundamentales de la Masoner\u00eda<\/strong>, partiendo siempre del arquetipo elemental de los tres primeros grados, que preserva las leyendas, s\u00edmbolos y alegor\u00edas fundamentales de la masoner\u00eda simb\u00f3lica.<\/p>\n\n\n\n<p>A partir, de esto, podemos comprender que habr\u00e1 varias formas de conocer los tres grados fundamentales de la masoner\u00eda. Pues, aunque esencialmente los tres grados de la masoner\u00eda simb\u00f3lica, tienen elementos arquet\u00edpicos esenciales y conservados,&nbsp;<strong>cada sistema mas\u00f3nico de grados (rito) tendr\u00e1 una versi\u00f3n particular de los mismos<\/strong>.<\/p>\n\n\n\n<p>Es decir, el&nbsp;<em>Rito Escoc\u00e9s Rectificado, el Rito Franc\u00e9s Moderno, el Rito Sueco, el Rito Zinnendorf, el Rito Adonhiramita, el Rito York, y el Rito Escoc\u00e9s Antiguo y Aceptado<\/em>;&nbsp;<strong>tienen todos como base esencial y arquet\u00edpica, los tres grados fundamentales de la masoner\u00eda, con la singularidad de que cada sistema de grados (rito) tiene una versi\u00f3n particular de esos grados b\u00e1sicos<\/strong>.<\/p>\n\n\n\n<p><strong>Es importante resaltar, que&nbsp;<\/strong><strong>CADA GRAN LOGIA ES SOBERANA EN SU TERRITORIO Y PUEDE DECIDIR QUE RITUALES PRACTICAR DE ACUERDO A LAS NECESIDADES DE SUS MIEMBROS.<\/strong>&nbsp;Existen muchos ejemplos de Grandes Logias Regulares y Reconocidas, en donde la&nbsp;<strong>diversidad ritual<\/strong>, es la piedra angular para su desarrollo y consolidaci\u00f3n, como potencias mas\u00f3nicas incluyentes e integrativas.<\/p>\n\n\n\n<p>Las dos organizaciones mas grandes vinculadas a la Francmasoner\u00eda Simb\u00f3lica, son el&nbsp;<strong>Rito York<\/strong>&nbsp;y el&nbsp;<strong>Rito Escoc\u00e9s Antiguo y Aceptado<\/strong>. En el estado de Tlaxcala, existen cuerpos regulares y reconocidos pertenecientes a estas organizaciones, los cuales trabajan arduamente, para fortalecer a la Francmasoner\u00eda Tlaxcalteca.<\/p>\n\n\n\n<p><strong>RITO YORK<\/strong><\/p>\n\n\n\n<p>El Rito York es una<strong>&nbsp;confederaci\u00f3n de cuerpos mas\u00f3nicos aut\u00f3nomos y cooperativos,<\/strong>&nbsp;conformados por&nbsp;<strong>Cap\u00edtulos, Concilios y Comandancias<\/strong>.&nbsp;Todos estos cuerpos tienen como base la membres\u00eda de las logias azules. Como todos los ritos mas\u00f3nicos, el<strong>&nbsp;Rito York expande y desarrolla las leyendas y las ense\u00f1anzas de la logia azul<\/strong>.<\/p>\n\n\n\n<div class=\"wp-block-image\"><figure class=\"aligncenter\"><img decoding=\"async\" src=\"https:\/\/sociedadprometheus.files.wordpress.com\/2016\/10\/york.jpg?w=300&amp;h=299\" alt=\"york\" class=\"wp-image-224\"\/><\/figure><\/div>\n\n\n\n<p>Los cuerpos del Rito York tienen a ser peque\u00f1os grupos locales, en contraste con los grupos regionales del Rito Escoc\u00e9s. Por su parte, los cuerpos del Rito York, son gobernados por una&nbsp;<strong>federaci\u00f3n de grandes cuerpos aut\u00f3nomos o semiaut\u00f3nomos,<\/strong>&nbsp;<strong>que trabajan de forma cooperativa<\/strong>. Por otro lado, es importante resaltar que la&nbsp;<strong>Orden de los Caballeros Templarios<\/strong>, el<em>&nbsp;\u201cpin\u00e1culo\u201d<\/em>&nbsp;del Rito York,&nbsp;<strong>limita su membres\u00eda a francmasones que profesen la fe cristiana<\/strong>&nbsp;(en cualquiera de sus vertientes); en contraste con los cap\u00edtulos de Masones del Real Arco y los Consejos de Masones Cr\u00edpticos, que no tienen ninguna restricci\u00f3n y su membres\u00eda esta abierta a Francmasones de cualquier fe.<\/p>\n\n\n\n<figure><iframe src=\"https:\/\/www.youtube.com\/embed\/IYXgEWITbLQ?version=3&amp;rel=1&amp;fs=1&amp;autohide=2&amp;showsearch=0&amp;showinfo=1&amp;iv_load_policy=1&amp;wmode=transparent\" allowfullscreen=\"true\"><\/iframe><\/figure>\n\n\n\n<p><strong>Rito Escoc\u00e9s Antiguo y Aceptado<\/strong><\/p>\n\n\n\n<p>El Rito Escoc\u00e9s es la rama mas conocida de la Francmasoner\u00eda. Este rito funciona en muchas formas como el Rito York, la membres\u00eda del Rito Escoc\u00e9s esta abierta a todos los Francmasones que han alcanzado el Grado de Maestro Mas\u00f3n, pero a diferencia del Rito York, el&nbsp;<strong>Rito Escoc\u00e9s no tiene ninguna restricci\u00f3n religiosa<\/strong>.<\/p>\n\n\n\n<p>Al igual que el Rito York, el Rito Escoc\u00e9s tiene la base de su membres\u00eda en las logias azules y ofrece otra forma de expandir y desarrollar las leyendas y ense\u00f1anzas de la logia azul.<\/p>\n\n\n\n<figure class=\"wp-block-image\"><img decoding=\"async\" src=\"https:\/\/sociedadprometheus.files.wordpress.com\/2016\/10\/reaa.jpg?w=700\" alt=\"reaa\" class=\"wp-image-244\"\/><\/figure>\n\n\n\n<p>El Rito Escoc\u00e9s, tiende a tener grandes cuerpos regionales y nacionales. Toda la estructura del Rito Escoc\u00e9s est\u00e1 gobernada por un&nbsp;<strong>Supremo Consejo Centralizado<\/strong>. Como se mencion\u00f3 anteriormente, el Rito Escoc\u00e9s expande las leyendas mas\u00f3nicas de la logia azul a trav\u00e9s de 4 cuerpos mas\u00f3nicos:<\/p>\n\n\n\n<p><strong>La Logia de Perfecci\u00f3n<\/strong><\/p>\n\n\n\n<p>Las leyendas y alegor\u00edas de los grados inefables describen lo que ocurre despu\u00e9s del incidente tr\u00e1gico, la captura y el castigo de los culpables; el hallazgo de un nuevo maestro constructor y el descubrimiento de los tesoros enterrados bajo el Templo del Rey Salom\u00f3n.<\/p>\n\n\n\n<p><strong>El Cap\u00edtulo Rosacruz<\/strong><\/p>\n\n\n\n<p>Las leyendas y alegor\u00edas de los grados 15\u00ba y 16\u00ba, relatan el retorno de Zorobabel desde Babilonia para reconstruir el Templo de Jerusal\u00e9n. Por su parte, los grados 17\u00ba y 18\u00ba, se centran en la reinstauraci\u00f3n de la palabra perdida bajo la ley del amor fraternal transmitida por Jes\u00fas y otros reformadores de la espiritualidad.<\/p>\n\n\n\n<p><strong>El Concilio de Caballeros Kadosh&nbsp;<\/strong><\/p>\n\n\n\n<p>Las ense\u00f1anzas de este cuerpo culminan con el Caballero Kadosh, una caballer\u00eda espiritual similar a los Caballeros Templarios, que desarrolla la leyenda del Rito Escoces sobre la sucesi\u00f3n mas\u00f3nica desde los Caballeros Cruzados.<\/p>\n\n\n\n<p><strong>El Consistorio de Maestros del Real Secreto<\/strong><\/p>\n\n\n\n<p>Las leyendas de este cuerpo, ense\u00f1an Equilibrio y fidelidad, a trav\u00e9s de historias que describen principios universales, sublimes ense\u00f1anzas morales, intelectuales y espirituales.<\/p>\n\n\n\n<p>En los Estados Unidos de Norte Am\u00e9rica, solo el 3% de todos los Francmasones Escoceses son nominados para recibir&nbsp;<strong>el Grado 33, el mas grande honor de la Francmasoner\u00eda, cuya nominaci\u00f3n se realiza con base en el servicio excepcional a la Fraternidad Mas\u00f3nica o a la Humanidad.<\/strong>&nbsp;La nominaci\u00f3n a este alto honor, puede tomar entre 15 a 30 a\u00f1os, antes de que un Francmas\u00f3n del grado 32 con membres\u00eda activa, sea considerado elegible para recibir tan sublime honor.<\/p>\n\n\n\n<figure><iframe src=\"https:\/\/www.youtube.com\/embed\/ZxWQHqhpv0c?version=3&amp;rel=1&amp;fs=1&amp;autohide=2&amp;showsearch=0&amp;showinfo=1&amp;iv_load_policy=1&amp;wmode=transparent\" allowfullscreen=\"true\"><\/iframe><\/figure>\n\n\n\n<p>Finalmente, tanto el Rito York como el Rito Escoc\u00e9s, buscan fortalecer a la Francmasoner\u00eda azul.&nbsp;<strong>Las ense\u00f1anzas que estas dos organizaciones ofrecen son complementarias y est\u00e1n \u00edntimamente relacionadas<\/strong>.<\/p>\n\n\n\n<figure class=\"wp-block-image\"><img decoding=\"async\" src=\"https:\/\/sociedadprometheus.files.wordpress.com\/2019\/11\/sello.jpg?w=700\" alt=\"Sello\" class=\"wp-image-671\"\/><\/figure>\n","protected":false},"excerpt":{"rendered":"<p>Cuando la Primer Gran Logia de Londres se&nbsp;estableci\u00f3 en 1717,&nbsp;solo&nbsp;habian dos grados&nbsp;en la&nbsp;Francmasoner\u00eda. Posteriormente, en 1730 fue agregado un tercer grado&nbsp;a la estructura&nbsp;b\u00e1sica, y la Francmasoner\u00eda se organiz\u00f3&nbsp;en tres grados&nbsp;simb\u00f3licos:&nbsp;Aprendiz&nbsp;(Entered Apprentice),&nbsp;Compa\u00f1ero&nbsp;(Fellowcraft) y&nbsp;Maestro Mas\u00f3n&nbsp;(Master Mason). Eventualmente se han creado&nbsp;diferentes organizaciones vinculadas a la&nbsp;Francmasoner\u00eda,&nbsp;que tienen como objetivo&nbsp;fortalecer los principios y ense\u00f1anzas de los tres primeros grados&nbsp;de la&nbsp;Francmasoner\u00eda&nbsp;Simb\u00f3lica.&nbsp;No [&hellip;]<\/p>\n","protected":false},"author":1,"featured_media":0,"parent":0,"menu_order":0,"comment_status":"closed","ping_status":"closed","template":"","meta":{"footnotes":""},"class_list":["post-427","page","type-page","status-publish","hentry"],"_links":{"self":[{"href":"https:\/\/www.granlogiaregularargentina.org\/glra\/wp-json\/wp\/v2\/pages\/427","targetHints":{"allow":["GET"]}}],"collection":[{"href":"https:\/\/www.granlogiaregularargentina.org\/glra\/wp-json\/wp\/v2\/pages"}],"about":[{"href":"https:\/\/www.granlogiaregularargentina.org\/glra\/wp-json\/wp\/v2\/types\/page"}],"author":[{"embeddable":true,"href":"https:\/\/www.granlogiaregularargentina.org\/glra\/wp-json\/wp\/v2\/users\/1"}],"replies":[{"embeddable":true,"href":"https:\/\/www.granlogiaregularargentina.org\/glra\/wp-json\/wp\/v2\/comments?post=427"}],"version-history":[{"count":3,"href":"https:\/\/www.granlogiaregularargentina.org\/glra\/wp-json\/wp\/v2\/pages\/427\/revisions"}],"predecessor-version":[{"id":1298,"href":"https:\/\/www.granlogiaregularargentina.org\/glra\/wp-json\/wp\/v2\/pages\/427\/revisions\/1298"}],"wp:attachment":[{"href":"https:\/\/www.granlogiaregularargentina.org\/glra\/wp-json\/wp\/v2\/media?parent=427"}],"curies":[{"name":"wp","href":"https:\/\/api.w.org\/{rel}","templated":true}]}}